t is the remainder when 51 is divided by h?
24
Calculate the remainder when 2 + (-48)/(-4 + 3) is divided by 13.
11
Suppose 0 = 4*d - 7*d + 4*v + 186, 2*v + 248 = 4*d. Calculate the remainder when d is divided by 32.
30
Let f = -5 + 15. What is the remainder when f is divided by 6?
4
Suppose 187 = -3*i - 26. Let n = 99 + i. Suppose -13 = 2*v - 33. What is the remainder when n is divided by v?
8
Let r(p) = -p**3 + 8*p**2 - 4*p - 12. What is the remainder when 97 is divided by r(7)?
7
Let c(k) = -4*k - k**3 - 1 - k**3 + 3*k. Suppose t - 1 = 2*t. Calculate the remainder when 5 is divided by c(t).
1
Suppose 2*r = -2*b + 2, 3 = 2*r + 3*b + 4. Let t = -5 + r. What is the remainder when 5 is divided by (-2)/t - -2 - 2?
1
Let m be 66/5 - (-2)/(-10). Suppose m = 3*c + 4. Suppose 21 = c*l - 6. What is the remainder when 26 is divided by l?
8
Let i = -57 - -99. What is the remainder when i is divided by 23?
19
Suppose -2*l - 17 = 3*j, -3*j = 4*l + 12 + 19. Let u(r) = 8. Let m(y) = y - 16. Let s(g) = -3*m(g) - 5*u(g). Calculate the remainder when s(l) is divided by 10.
9
Suppose -2*z - 1 = -3*z. Suppose y + z = 3. Calculate the remainder when y*(0 - 15/(-2)) is divided by 8.
7
Let y be 2/(-7) - (-802)/14. Suppose 2*p = -p + y. Calculate the remainder when p is divided by 7.
5
Suppose 3*z + 17 + 205 = 0. Let w be 2 - -9*(-8)/12. Calculate the remainder when (-1 - z/w)*-2 is divided by 10.
9
Let j(d) = 6*d - 4. Let b be ((-9)/(-4))/((-6)/(-16)). Calculate the remainder when j(b) is divided by 11.
10
Let u = -43 - -63. Let p = -12 + u. Let a = -3 + p. What is the remainder when 14 is divided by a?
4
Let x(f) = -2 - 28*f - 5*f + 1 + 13*f. Calculate the remainder when 73 is divided by x(-1).
16
Suppose -14 = -5*u + 5*a - 4, u = -3*a + 2. What is the remainder when 3 is divided by u?
1
Let g = 21 + -14. Let n(w) = w + 1. Suppose 3*c + 2 = 4*c. What is the remainder when g is divided by n(c)?
1
Let v be 39/4 + (-1)/(-4). Suppose -2*k + 14 = -v. Calculate the remainder when 21 is divided by k.
9
Let b be 25/(-10)*2/(-1). Let r(p) = p - 2. What is the remainder when r(b) is divided by (3/6)/((-1)/(-4))?
1
Suppose m - 3*f - f - 22 = 0, 5*f = 5*m - 35. Suppose -60 = -m*y + 32. Suppose 0*d - 3*d + 48 = 0. Calculate the remainder when y is divided by d.
14
Let n = -10 - -6. Let k be n + 0/(1 + -2). Let r(z) = -3*z - 5. What is the remainder when r(k) is divided by 3?
1
Let w = -233 - -244. Suppose p - 12 = -b, 5*p - b - 2 = 28. What is the remainder when w is divided by p?
4
Let n(u) = 4*u**2. Calculate the remainder when n(1) is divided by 3.
1
Let m = -11 - -16. Suppose 0 = -4*k - 5*h - 0 + 1, -4*k + h - m = 0. Calculate the remainder when 216/5 + k/5 is divided by 15.
13
Suppose 4*f - 3*c + 3 = -0*c, c = -5*f + 1. Suppose 4*u - 95 - 41 = f. What is the remainder when (u/(-8))/((-3)/12) is divided by 6?
5
Suppose 56 + 56 = 8*i. Calculate the remainder when 80 is divided by i.
10
Let p(d) = d**2 + 4*d + 4. Let b be p(-4). Calculate the remainder when b/(-10) - 342/(-30) is divided by 6.
5
Suppose 3*i - 2*y + 161 = 6*i, -233 = -4*i + y. Calculate the remainder when i is divided by 12.
9
Let t(k) = k**2 + k - 3. Let w be t(2). Suppose 4*z = r + 291, 2*z + w*r = 3*z - 59. Calculate the remainder when z is divided by 19.
17
Let u = -11 + 18. Calculate the remainder when u is divided by 3.
1
Let d = 5 - 0. Suppose 12 = -r + d*r. Suppose -2 = r*i - 95. Calculate the remainder when i is divided by 11.
9
Let k be (-2)/((-4)/10) + 0. Suppose 4*f - 4 = 4. Suppose 0 = -f*p + k*p - 21. What is the remainder when p is divided by 4?
3
Suppose -4*b + 78 = -p - 6, -20 = -5*p. What is the remainder when 65 is divided by b?
21
Let t = -50 + 67. Calculate the remainder when 33 is divided by t.
16
Calculate the remainder when -3*6*(-3 + 2) is divided by 10.
8
Let w = 57 + -41. Calculate the remainder when 46 is divided by w.
14
Suppose 0 = -a + 27 - 13. Let v = 34 + -9. Calculate the remainder when v is divided by a.
11
Let r(n) = 4*n - 18. Suppose -64 = -2*w + 5*c, -4*c + 2*c = w - 23. What is the remainder when w is divided by r(8)?
13
Suppose -1 = 2*y + j - 5, -2*y = -j - 4. Calculate the remainder when 10 is divided by y.
0
Suppose 0 = a + a - 46. Calculate the remainder when a is divided by 8.
7
Suppose 5*s + 27 = 2*b, -b + 5*s + 48 = 2*b. Suppose -5*x + 40 = -15. What is the remainder when b is divided by x?
10
Let j = -84 + 87. Calculate the remainder when 14 is divided by j.
2
Let s be 12/(-4)*(-2 - -1). Suppose s*g = 3*r + 78, 2*r - 2*g + 106 = -2*r. Let t = 21 - r. What is the remainder when t is divided by 17?
14
Suppose 4*y = -0*y + 80. Suppose -f + y = 4*f. Calculate the remainder when 10 is divided by f.
2
Let x be 2 + 0 + (-6)/(-3). Suppose 0*d = -2*d - x*v, -d + 3*v + 15 = 0. Let m(p) = 3*p - 4. What is the remainder when m(d) is divided by 5?
4
Let j(t) = 2*t**3 - 2*t**2 + t - 1. Let k(d) = d**2 - 5*d + 2. Let u be k(5). Calculate the remainder when 26 is divided by j(u).
8
Suppose 2*x - 3*h - 14 = h, 15 = -5*h. Let r = -3 + 5. Calculate the remainder when r is divided by (x/4)/((-1)/(-4)).
0
Suppose -2*u + 0*u = -3*p + 20, 2*p - 3*u - 20 = 0. Calculate the remainder when 15 is divided by p.
3
Suppose -3*v = s - 2, 3*v + 4*s + 0 = -1. Suppose -1 = n, -4*n - 138 = -3*w + v. What is the remainder when w is divided by 23?
22
Suppose -4*c + 92 = -0*c. Let z(i) = i**3 + 5*i**2 - i + 5. Let h be z(-5). Calculate the remainder when c is divided by h + (-6 - -3) - -1.
7
Suppose -3*r = -81 + 45. What is the remainder when 59 is divided by r?
11
Let a = -2 - -2. Suppose 2*k - 25 = -5*c + 4*c, a = 5*c + k - 80. Calculate the remainder when c is divided by 8.
7
What is the remainder when 75 is divided by (-2)/(-2) - (-24 + -1)?
23
Suppose 3*p - 10 = -2*a + p, 2*a = 3*p + 10. Let r(l) = -l**2 + 8*l. Calculate the remainder when 42 is divided by r(a).
12
Let s = 86 + -33. Let h(d) = -d**2 + 32*d - 73. Calculate the remainder when s is divided by h(29).
11
Calculate the remainder when 8 is divided by 2/(-9) - 47/(-9).
3
Let i = -10 + 14. Suppose -6*x - 2 = -7*x. Suppose -x*b = -i*b + 40. What is the remainder when b is divided by 11?
9
Let c = -13 - -13. Suppose -3*i + 8*i - 60 = c. Calculate the remainder when 45 is divided by i.
9
Suppose -134 + 41 = -3*a. Suppose 3 = 3*o, a = -0*u + 2*u + o. What is the remainder when u is divided by 4?
3
Let l(y) = -y**3 - 4*y**2 + 5*y + 6. Let x be l(-5). What is the remainder when 41 is divided by 2/x - (-82)/6?
13
Let d be 5*(2 + 56/(-20)). Let w = d - -6. Calculate the remainder when 2 is divided by w.
0
Let m(g) = -4*g - 4*g**2 + 7*g + 3 - g**3 + 0*g**2. Let l(j) = 36*j + 1. What is the remainder when l(1) is divided by m(-5)?
11
Let k = -31 + 18. What is the remainder when 36 is divided by 52/k - (-22 + -1)?
17
Let q(d) = 9*d + 2. Calculate the remainder when 42 is divided by q(1).
9
Let f be (-21)/6*4/(-7). Suppose 8 = f*y + 2*y. What is the remainder when y is divided by 2?
0
Let n(y) = y**3 + 10*y**2 + 7*y - 9. Calculate the remainder when 35 is divided by n(-9).
8
Calculate the remainder when 67 is divided by (-34)/30 + 1 - 9756/(-270).
31
Let m(z) = -2 - 2 + 3 + 11*z. Suppose 3*y - h = 5 + 44, -7 = y - 5*h. What is the remainder when y is divided by m(1)?
8
Let m = -9 + 14. Let n(j) = j**2 + 3*j + 3. Let z be n(-3). Suppose -3*c + 2*y + 65 = -z*y, m*c - y - 145 = 0. What is the remainder when c is divided by 16?
14
Let m = 4 + -4. Suppose -n + 2 - 4 = m. What is the remainder when 29 is divided by n/(-4)*-1*-20?
9
Let q = -3 - 0. Let m(r) = r**3 + 3*r**2 - r + 4. What is the remainder when 19 is divided by m(q)?
5
Let n = 71 + -55. What is the remainder when 46 is divided by n?
14
Let i(s) = -5*s**2 - 2*s**3 + 7*s**3 + 5*s - 3*s - 4*s**3. What is the remainder when 0 + -1 + 29 - -1 is divided by i(5)?
9
What is the remainder when 19 is divided by (17/17)/((-2)/(-22))?
8
Let k(q) = -q + 25. What is the remainder when k(0) is divided by 7?
4
Let q = 5 + 2. What is the remainder when q is divided by 3?
1
Let g(h) = -2*h - 3. Let a be (-2)/(-7) - (-40)/7. Suppose 0 = -5*d, -4*d = -2*s + 5*s - a. Calculate the remainder when s is divided by g(-2).
0
Suppose -5*v + 516 = 121. Let b = -20 + 40. Calculate the remainder when v is divided by